divided by 2/(((-16)/a)/4).
14
Suppose 117 = 2*d + d. Suppose -10*l = -2*l - 48. Calculate the remainder when d is divided by l.
3
Calculate the remainder when (-315)/(-7)*(-24)/(-30) is divided by 25.
11
Let m(c) = 3*c**2 + 7*c - 2. What is the remainder when ((-6)/5*(-6660)/(-54))/(-2) is divided by m(-5)?
36
Let p(k) = k + 4. Let u = -67 - -131. Let h = u + -33. What is the remainder when h is divided by p(4)?
7
Let x be 4/16 - 22/(-8). Suppose -3*f + 18 = x*j, j + 3*f + 2 = -2*f. Suppose -3*u + 4*i = -20, 0 = 4*i + j. What is the remainder when 15 is divided by u?
3
Let l(b) = -b**2 + 30*b + 2. What is the remainder when l(21) is divided by 99?
92
Let r(d) = 6*d + 46. Suppose -5*c - 26 = -1. What is the remainder when 76 is divided by r(c)?
12
Let z(a) = -a**3 - 16*a**2 - 31*a - 7. Let c be z(-14). Suppose 0 = 3*u + 5*f - 86, 5*u - 3*f - c = 131. Calculate the remainder when u is divided by 17.
15
Suppose -18*t = -130 - 50. What is the remainder when 178 is divided by t?
8
Calculate the remainder when 48 is divided by 3/(4/22 - (-460)/(-6160)).
20
Suppose 4*f = -5*g + 92, -g + 1 = -7*f + 2*f. What is the remainder when 3181 is divided by g?
13
Suppose -3*l - 8 + 35 = 0. Let p = 14 + -11. Let k(o) = o**3 - 2*o**2 + 3*o - 1. Calculate the remainder when k(p) is divided by l.
8
Suppose 0 = 4*i - 22 + 2. Suppose -2*c - 4 = -3*c, -i*n + 106 = -c. Calculate the remainder when 153 is divided by n.
21
Let s be 469/(-28) - (-2)/(-8). Let o = -3 - s. Calculate the remainder when o is divided by 36/90*2*10.
6
Let p(r) = 21*r**3 + 11*r**2 - 3*r - 9. Let g(x) = -10*x**3 - 5*x**2 + x + 4. Let a(l) = 5*g(l) + 2*p(l). Calculate the remainder when 19 is divided by a(-1).
3
Suppose f - 3*f - 38 = m, 132 = -4*m - 3*f. Let h = -21 - m. Let b = 578 - 517. Calculate the remainder when b is divided by h.
7
Suppose -2*q + 5*q = 12, -3*j = 2*q - 119. What is the remainder when j is divided by 23?
14
Let f(d) = -d**2 - 13*d - 11. Calculate the remainder when 112 is divided by f(-10).
17
Let n = -21 - -37. Calculate the remainder when -14*(-3 + (5 - 4)) is divided by n.
12
Let f(r) = r**2 - r. Let p be f(0). Suppose p = 13*n - 15*n + 36. What is the remainder when 30 is divided by n?
12
Let d = 40 - 7. Suppose 14*g - 488 = 772. Suppose 0 = g*r - 84*r - 102. Calculate the remainder when d is divided by r.
16
Calculate the remainder when (9 - -3) + (4/(-18) - 44/(-36)) is divided by (4 - 2)/((-2)/(-4)).
1
Let p(y) = -28*y + 34. Let m be p(7). Let g = 194 + m. Let r = -18 - -30. Calculate the remainder when g is divided by r.
8
Suppose -25 = -5*t, 2*r + t - 3 - 8 = 0. Suppose -3*v - r = -12. Calculate the remainder when 3 is divided by v.
0
Calculate the remainder when 6/4 - 130/(-4) is divided by (-140)/(-15) + (-2)/6.
7
Suppose 0 = -3*d - 3*z + 222, -5*d + 4*z + 124 = -201. Let k be (-25)/4 + 2/8. Let i = k + 24. What is the remainder when d is divided by i?
15
Suppose 2*k + 5*r + 44 = 3*k, 3*k + 4*r - 56 = 0. Let n = -35 + k. Let h = 17 + n. Calculate the remainder when 16 is divided by h.
4
Suppose 3*y = y + 88. Suppose 2*k - 2*x - 26 = 0, 4*k - x = -0*k + 58. Suppose -6*f - 216 = -k*f. What is the remainder when y is divided by f?
20
Let j = -79 - -201. Let w = j + -114. Calculate the remainder when 22 is divided by w.
6
Let b = -12 + 33. Calculate the remainder when 0 - (-1 - 3) - -76 is divided by b.
17
Calculate the remainder when (-10)/(-1 + 102/78)*-2 is divided by 7.
2
Suppose -4*u + u + 138 = -3*c, u = -5*c + 70. Calculate the remainder when 246 is divided by u.
46
Calculate the remainder when 25 + 4/(-2) + (-28)/7 is divided by 6.
1
Suppose 0 = 3*t + 15, -q - 3*t = -7*t - 22. Suppose 4*i - q*c = 26, -i - 4*c = -6*i + 25. Calculate the remainder when i is divided by 4/6*9*1.
3
Suppose 3*d - 1 = 5*h - 5, -h = d - 4. Suppose -5*b + 158 = 4*u, b = -h*b - 3*u + 96. What is the remainder when 88 is divided by b?
28
Suppose 38 = -21*f + 19*f. Let t = f - -34. Let g(h) = -6*h**3 + 3*h**2 + 2*h + 1. What is the remainder when g(-2) is divided by t?
12
Let o be 1/((-8)/(-18)) - (-5)/(-20). Let t = 9 + -6. What is the remainder when 15 is divided by (4 + 29)/t - o?
6
Let j = 32 + 18. Suppose -j = -6*b + 4*b. Calculate the remainder when 96 - ((-2 - 0) + 0) is divided by b.
23
Let i = 214 + -125. Calculate the remainder when i is divided by (-2 - (8 - 3)) + 26.
13
Calculate the remainder when 23 is divided by ((-1048)/(-56) + 2/7)/1.
4
Let l = 45 - 12. Suppose -14*w - 131 = -15*w. What is the remainder when w is divided by l?
32
What is the remainder when 69 is divided by 4/18*(-468)/(-8)?
4
Suppose -4*p + 46 = 2*v, 3*p = 12*v - 10*v + 17. Calculate the remainder when 205 is divided by p.
7
Suppose -328 = -2*k - 0*k. Calculate the remainder when k is divided by 3 - (681/(-27) + 6/27).
24
Let j = 14 + -5. Let g(u) be the first derivative of -u**2/2 + 16*u + 7. What is the remainder when 24 is divided by g(j)?
3
Let y = -7 + 27. Let a = 23 - y. Suppose 4*x - 74 = 2*x - 4*g, -62 = -x + a*g. What is the remainder when x is divided by 25?
22
Suppose -2*a + 576 = 3*s, -2*s + 0*s = 3*a - 864. Suppose 0 = 2*i - n + 2*n - 287, 2*i + 2*n - a = 0. Calculate the remainder when i is divided by 29.
27
Let d = -96 + 171. Suppose -3*m = -0*m - d. Suppose 37*s + 22*s - 182 = 46*s. What is the remainder when m is divided by s?
11
Let n = 451 + -191. Suppose n = 10*f - 0*f. Calculate the remainder when f is divided by 6.
2
Let v(l) = -3*l**2 + 10*l - 1. Let b be v(7). Let u = 44 - b. Let t = -78 + u. What is the remainder when t is divided by 15?
14
Let z(s) = 30*s + 64. Calculate the remainder when 255 is divided by z(0).
63
Calculate the remainder when 20 is divided by 1/2 + (-4)/(-24)*87.
5
Suppose 5*z - 2*a - 583 = 0, 5*a + 686 = 6*z + 6*a. Calculate the remainder when z is divided by 104.
11
Calculate the remainder when 16 is divided by (-4)/(-12)*-12 + 19 + -1.
2
What is the remainder when 51 is divided by (-16)/(-5 - -13) + (43 - -3)?
7
Let v(k) = 2*k**3 - 4*k**2 - 11*k + 31. What is the remainder when v(3) is divided by 10?
6
Suppose -201 = -4*l - 17. What is the remainder when l is divided by 25?
21
Let i be 0 + 85 - 8/(-4). Suppose 212 = 13*u - i. Calculate the remainder when u is divided by 8.
7
Let o be (-6 + 0)*(-34)/102. Suppose 7*v = 4*v + 72. Suppose -o*i + 3*i = v. What is the remainder when i is divided by 9?
6
Let n = 426 - 328. What is the remainder when n is divided by 27?
17
Let c(h) = 33*h - 20. Let u be 4/(-6)*(-1 - 8). Calculate the remainder when c(u) is divided by 30.
28
Let g = 17 + -16. Let n be 26/13 - (g - 4). Suppose 7*k - 3*k = -n*z + 19, -2*z + 45 = 5*k. Calculate the remainder when 43 is divided by k.
10
Suppose 9 = 6*y - 15. Suppose c - 231 = -y*x, -5*c + 9 = -2*c. What is the remainder when x is divided by 29?
28
Suppose 111 + 25 = 4*n. Suppose -14*y + 92 = -13*y. Let h = y + -74. What is the remainder when n is divided by h?
16
Suppose 4*l + 26 = 2*n - 10, -4*n + 65 = -l. Suppose -3*o + 131 = 5*y - 25, -5*o = -y + 20. What is the remainder when y is divided by n?
14
Let p(k) = 4*k**2 - 3. Let w be p(4). Let g = -15 + w. Calculate the remainder when 227 is divided by g.
43
Let x(y) = -3*y + 2. Suppose -9*n + 5*n - 4 = 0. Let b be n/(-4) - (-105)/(-20). What is the remainder when 50 is divided by x(b)?
16
Let d = 33 - -44. Suppose 0 = 2*u - d - 65. Calculate the remainder when u is divided by 15.
11
Suppose -18*q - 198 = -1764. What is the remainder when q is divided by 7?
3
Suppose -6*w + 214 + 32 = 0. Suppose 0 = 5*f - w - 44. What is the remainder when f is divided by 3?
2
Suppose -b = -2*b. Suppose -3*z + 5*f + 52 = 7*f, -4*z - 2*f + 66 = b. Calculate the remainder when 55 is divided by z.
13
Let g = -82 + 84. Suppose s + p = 57, -5*s = -g*s + 2*p - 169. What is the remainder when s is divided by 15?
10
Let u(s) = s**3 + s - 151. What is the remainder when u(8) is divided by 17?
12
Suppose -s - 2*w = -3*s + 14, 4*s - w - 31 = 0. Calculate the remainder when s is divided by 5.
3
Suppose -4*p + 240 = -g + 4*g, 5*g + 180 = 3*p. What is the remainder when 260 is divided by p?
20
Suppose -4*k + 3*g = -341, 124*g + 435 = 5*k + 129*g. Calculate the remainder when k is divided by 59.
27
Let o = -28 + 48. What is the remainder when o is divided by 6?
